
-7
Let d(t) = -3*t - 6. Suppose 34 = 2*j - 8. Suppose 1 = 5*r + j. Give d(r).
6
Let g(y) = -7*y - 4. Let z be g(-5). Let m = -37 + z. Let s(q) = q**3 + 3 - 2 + 7*q**2 + 0*q**3 + 7*q. Give s(m).
-5
Let y(j) be the third derivative of j**4/24 - 2*j**3/3 + j**2. Let c be y(9). Suppose 0*n + 19 = -c*t - n, -4*t + n = 8. Let s(b) = b. Determine s(t).
-3
Let y(w) = -2*w + 5. Let k be (-46)/4 + 27/18. Let c = 15 + k. Give y(c).
-5
Let j(n) = n**2 + 6*n - 3. Let o be j(3). Suppose -5*k - o = -k. Let v(u) = 10*u**2 + 9*u - 3*u**2 - 2*u + u**3 + 7. What is v(k)?
1
Let m(v) = 6*v**2 + v + 6. Let g be 55/(-25) - (-8)/(-10). What is m(g)?
57
Let d(i) = 4*i - 4. Let p be ((-10)/(-4))/((-90)/72). What is d(p)?
-12
Suppose -5*x = -3 + 13. Let k be (-14)/10 - (-24)/(-40). Let p = x - k. Let c(u) = -u + 1. Give c(p).
1
Let m(f) be the second derivative of -f**4/12 + f**3/3 - 2*f**2 - 46*f. Let v(u) be the first derivative of m(u). Let q be (4 - -2)*(0 - -1). What is v(q)?
-10
Let a be 116/319 - (-186)/33. Let y(z) = -11 - z + 3 + 2*z. Determine y(a).
-2
Suppose 3*z = 9, 0*z + z - 3 = -s. Let n(k) = 2*k**2 - 5*k - 3*k**2 + 4*k + 4. Calculate n(s).
4
Let t(b) = b**2 + 9*b + 13. Let g = 1114 - 1122. Determine t(g).
5
Let l(m) = m**3 + 6*m**2 - 2*m - 5. Let g(f) = -8*f**3 - 2*f**2 + 1. Let o be g(-1). Let b = o + 1. Suppose 38 = -5*n + b. What is l(n)?
7
Let c(y) be the first derivative of -y**7/210 + y**6/180 + y**5/60 + y**4/24 + 7*y**3/3 + 15. Let d(f) be the third derivative of c(f). Calculate d(-1).
5
Suppose 2*s - 2*o - 2 = 0, s - o - 5 = o. Let z(g) be the second derivative of g**3/6 + 3*g**2/2 + 15*g. What is z(s)?
0
Let j(p) = 3*p + 3. Let c(o) = -o**2 + o. Let m(g) = c(g) - j(g). Suppose 5*u - 10 = -0. Suppose -u = -2*y + 3*y. Give m(y).
-3
Let p(h) = 2*h**2 + 62*h - 66. Let v be p(-32). Let w(q) = -3*q**2 - 3*q - 1. Determine w(v).
-7
Let y(q) = q**3 - 14*q**2 - 2*q + 30. Let p be y(14). Let f(r) = -2*r - 2. Determine f(p).
-6
Let d(w) be the third derivative of -w**4/8 + 2*w**3 - 2*w**2 + 7*w. Determine d(10).
-18
Suppose l = -0 + 3. Let t(d) be the third derivative of d**5/60 - d**4/6 - 29*d**2. Calculate t(l).
-3
Let u(f) = 132*f + 127*f - 3 - 257*f. Let v = 6 + -3. Give u(v).
3
Let v(h) = h - 2*h**2 - 3*h + h**2. Let w be v(-2). Let c(q) = q + 0*q + 9*q**2 - 7 - 10*q**2. Determine c(w).
-7
Let a(s) = -6*s**3 - 12*s**2 + 7*s + 11. Let t(v) = 5*v**3 + 11*v**2 - 5*v - 10. Let y(r) = -4*a(r) - 5*t(r). What is y(-6)?
-12
Let k(a) = a**2 - 9*a + 2. Let l be k(9). Let i(h) = -3 + l*h**2 + h**3 + 2 + 3*h - 7*h**2. What is i(2)?
-7
Let c(d) = 8*d - 23. Let u be c(3). Let a(k) = -44*k + 20*k + u + 38*k. Give a(-1).
-13
Let i(x) = -x + 9. Suppose -3*d - v = -5*d + 12, -2*d - 2*v = -18. Let r be i(d). Let z(g) = -g**2 + g. Give z(r).
-2
Let b be (-10)/(-35) - 3/((-42)/10). Let v(m) = 7*m**2 - 4*m**2 + b - 5*m**2 + 4*m. Let w = -4 - -7. Determine v(w).
-5
Let v(l) = -l**2 + 3*l + 3. Suppose -3*s = 0, -2*d + 130 = 3*d - 2*s. Let j = d + -23. Calculate v(j).
3
Let y(k) = -8*k - 2. Let c = 52 - 51. Let o be 3*c*(-21 - -20). What is y(o)?
22
Let m = 477 + -482. Let h(f) = f**2 + 9*f + 12. Calculate h(m).
-8
Let w(u) = u - 11. Let c(k) = -5*k + 48. Let j(m) = -2*c(m) - 9*w(m). What is j(-6)?
-3
Suppose 3*q - 229 + 14 = -5*m, 4*q = 0. Let k = m - 38. Let j(i) be the first derivative of i**3/3 - 2*i**2 + 2*i - 2. Determine j(k).
7
Suppose 47*z - 118 + 3 = 120. Let d(a) = a**3 + 4*a**2 - 5*a + 2. Let n be d(-5). Let o(p) = -4*p - n + 11*p + 2*p**2 - 3*p**2. Calculate o(z).
8
Let i(m) be the second derivative of m**3 + m**2 - 193*m. Calculate i(-2).
-10
Let h(q) = q**3 + 5*q**2 + 3*q - 5. Let v be (-9)/(-18)*(20 + -2). Suppose -1 + v = -2*n. What is h(n)?
-1
Let n = 116 - 111. Let b(q) = q**3 - 4*q**2 - 3*q - 2. Calculate b(n).
8
Let b(l) = l**3 + 4*l**2 - 2*l + 1. Let n be 154/(-44) - (-3)/(-6). Let f(q) = 2*q**3 - 3*q**3 - 7*q - 5*q**2 + 2*q - 8. Let a be f(n). Calculate b(a).
9
Let n(z) be the second derivative of z**4/6 - z**3/6 + z**2/2 - 22*z. Give n(4).
29
Let g(p) = 3*p - 6. Let j = -402 - -408. Determine g(j).
12
Let v(n) = n**2 + 7*n - 1. Let m(k) = -k**2 - 5*k - 6. Let l be m(-5). Let d = -11 - l. What is v(d)?
-11
Let o(p) = 73 + 30 - 6*p**2 + p**3 - 2*p**3 + p - 100. Determine o(-4).
-33
Let r(c) = 4*c + 8 + 6*c + 6*c**2 + 2 - 4*c + c**3. Let z be r(-5). Let a(t) = 0*t + 3 - 4*t - 3*t**2 + 4*t**2 - z*t. Calculate a(7).
-11
Let q(u) = -u**2 - 1. Let r(k) = -4*k**2 - k - 2. Let s(n) = 2*q(n) - r(n). Calculate s(-2).
6
Let i(f) = f**3 - 8*f**2 + 8*f - 9. Suppose -27*c + 81 = -108. Give i(c).
-2
Let h(i) = -3*i**2 - 13*i - 2. Let o be h(-4). Let f(a) be the second derivative of -7*a**3/6 + a**2 - 8*a. What is f(o)?
-12
Suppose 282*n = 274*n + 48. Let s be (-34)/(-9) + (-4)/(-18). Let w(v) = -6 + v**3 + s*v**3 - 6*v**2 - 4*v**3. Give w(n).
-6
Let m(g) = -5*g**2. Suppose 0*v = 2*v - 20. Let r(a) = a**2 - 11*a + 14. Let k be r(v). Suppose -k*z = -2*l + 10, -3 + 5 = -5*l + z. Calculate m(l).
-5
Let p(k) = 4*k + 5. Let z(c) = c**3 + 43*c**2 + 83*c + 51. Let r be z(-41). Give p(r).
45
Let y(z) = -14. Let m(a) = a + 62. Let r(f) = 2*m(f) + 9*y(f). Let d be (45/(-10))/((-3)/4). What is r(d)?
10
Let a(s) = 6*s**3 - 2*s**2 - 18*s - 10. Let x(v) = 5*v**3 - v**2 - 16*v - 9. Let r(z) = -6*a(z) + 7*x(z). Calculate r(4).
-3
Let a(k) = 23 + k**2 - 29 + 10 + 4*k. Calculate a(-2).
0
Let a(p) = -p**3 - 9*p**2 - 6*p - 6. Suppose 4*g = -3*q - 17, -9*g = -6*g + 4*q + 4. Determine a(g).
-22
Let c(m) be the first derivative of -m**3/3 - 3*m**2 - m + 257. Determine c(-6).
-1
Let h(w) = 3*w - 1. Let g be h(2). Suppose 4*j - 6 = j, -g*i = -4*j + 3. Let q(r) be the third derivative of r**4/2 - r**3/6 - 2*r**2. What is q(i)?
11
Let z(g) be the first derivative of -29 + 1/3*g**3 - 1/2*g**2 - g**4 + 0*g. Suppose -1 = -x - 0*x. What is z(x)?
-4
Let y(w) be the third derivative of 0*w - 25*w**2 + 1/4*w**4 - 1/3*w**3 + 1/60*w**5 + 0. Give y(-5).
-7
Let x(s) = -s**3 - 32 - 8*s**2 + 20 - s + 17 - 4*s. What is x(-7)?
-9
Suppose -2*j - 6*j = -216. Suppose j*g - 25*g = 20. Let z(a) = a**3 - 11*a**2 + 10*a + 3. What is z(g)?
3
Let j(p) = -2*p + 3. Let v(f) = 18*f - 24. Let g(k) = -33*j(k) - 4*v(k). Calculate g(4).
-27
Let c(y) = 18 + y**2 - 6 - y**3 + 2*y - y. Let n(a) = 48*a + 576. Let w be n(-12). Calculate c(w).
12
Let i(z) = -z**3 + 5*z**2 + 8*z - 6. Let t be 9/15*(-4 - -24). Suppose v - 3*v + t = 0. What is i(v)?
6
Suppose 192*i - 167*i + 75 = 0. Let m(o) = 5*o + 7. Determine m(i).
-8
Let g(c) = -c**3 - 1 + 14 - c**2 - 12*c**2 + 14 - 20*c - 10. Calculate g(-11).
-5
Let f(s) = -s**2 - 8*s - 5. Let i = 11 + -12. Let n be (i + 1)/(-2) - -5. Suppose -n = -4*c - 29. Calculate f(c).
7
Let x(f) be the first derivative of f**3/3 + 7*f**2/2 + 9*f + 107. Give x(-4).
-3
Let u(i) = 4*i**3 + 21*i**2 - 8*i - 4. Let n(s) = -2*s**3 - 10*s**2 + 3*s + 2. Let z(k) = 5*n(k) + 2*u(k). Give z(-4).
6
Let j(i) = 2*i - 7 - 7*i + 3*i. Let c = -241 + 235. Give j(c).
5
Let p(z) = -9*z + 7. Let k(m) = -8*m + 6. Let a(g) = -7*k(g) + 6*p(g). Calculate a(1).
2
Let l(c) = -7. Let s(g) = 12. Let w(p) = 7*l(p) + 4*s(p). Let z(o) = -o**2 - 6*o + 12. Let b(v) = 6*w(v) + z(v). Let f be 12/(-2) - 1/1. What is b(f)?
-1
Let v(g) = -g + 2. Let t = 138 + -134. Determine v(t).
-2
Suppose 123*k = 40*k + 332. Let a(v) = -7*v + 1. Determine a(k).
-27
Let q(g) = 3*g**3 + g**2 - g - 2. Let n be 56/21 - (-2)/(-3). Let x(c) = 4*c**3 + 2*c**2 - c - 1. Let s(j) = n*x(j) - 3*q(j). What is s(3)?
-11
Let v(y) = -2*y - 7. Let g(b) = -3*b - 13. Let z(f) = -3*g(f) + 5*v(f). Suppose 12 = 6*a - 18. Suppose 17*u + a = 16*u. Give z(u).
9
Suppose 9*i - 16 - 47 = 0. Let p(u) = 5 + 74*u + u**3 + i*u**2 - 67*u - 2. Give p(-6).
-3
Let u(r) = -r**2 - 9*r - 8. Let q be 54/(-6)*-3*(-4)/12. Give u(q).
-8
Let h(m) be the third derivative of -m**4/8 + m**3/6 + 4*m**2 - 10. What is h(3)?
-8
Let n(b) be the second derivative of 0 + 3/2*b**3 + 1/2*b**2 + 1/12*b**4 - 6*b. Give n(-8).
-7
Let p(l) = 32 - 45 + 0*l**3 - 10*l**2 - l**3 + 2*l + 13*l. What is p(-11)?
-57
Let f(x) = -x + 11*x - 2 + 1 - 3*x. Let r(s) be the second derivative of 2*s**3/3 - s. Let p(w) = 3*f(w) - 5*r(w). What is p(6)?
3
Let l(o) = -o**2 - 7*o - 4. Suppose -11*f - 36 = -12*f. Let p = 30 - f. Dete